[INFO] cloning repository https://github.com/hinaria/blacken
[INFO] running `Command { std: "git" "-c" "credential.helper=" "-c" "credential.helper=/workspace/cargo-home/bin/git-credential-null" "clone" "--bare" "https://github.com/hinaria/blacken" "/workspace/cache/git-repos/https%3A%2F%2Fgithub.com%2Fhinaria%2Fblacken", kill_on_drop: false }`
[INFO] [stderr] Cloning into bare repository '/workspace/cache/git-repos/https%3A%2F%2Fgithub.com%2Fhinaria%2Fblacken'...
[INFO] running `Command { std: "git" "rev-parse" "HEAD", kill_on_drop: false }`
[INFO] [stdout] 430e6efd6d0a0d64497bcd1c50b631544f74d641
[INFO] building hinaria/blacken against master#ff34b919075f35a1787659e9c448a34b06bab8de for issue-85264
[INFO] running `Command { std: "git" "clone" "/workspace/cache/git-repos/https%3A%2F%2Fgithub.com%2Fhinaria%2Fblacken" "/workspace/builds/worker-1/source", kill_on_drop: false }`
[INFO] [stderr] Cloning into '/workspace/builds/worker-1/source'...
[INFO] [stderr] done.
[INFO] validating manifest of git repo https://github.com/hinaria/blacken on toolchain ff34b919075f35a1787659e9c448a34b06bab8de
[INFO] running `Command { std: "/workspace/cargo-home/bin/cargo" "+ff34b919075f35a1787659e9c448a34b06bab8de" "metadata" "--manifest-path" "Cargo.toml" "--no-deps", kill_on_drop: false }`
[INFO] started tweaking git repo https://github.com/hinaria/blacken
[INFO] finished tweaking git repo https://github.com/hinaria/blacken
[INFO] tweaked toml for git repo https://github.com/hinaria/blacken written to /workspace/builds/worker-1/source/Cargo.toml
[INFO] crate git repo https://github.com/hinaria/blacken already has a lockfile, it will not be regenerated
[INFO] running `Command { std: "/workspace/cargo-home/bin/cargo" "+ff34b919075f35a1787659e9c448a34b06bab8de" "fetch" "--manifest-path" "Cargo.toml", kill_on_drop: false }`
[INFO] running `Command { std: "docker" "create" "-v" "/var/lib/crater-agent-workspace/builds/worker-1/target:/opt/rustwide/target:rw,Z" "-v" "/var/lib/crater-agent-workspace/builds/worker-1/source:/opt/rustwide/workdir:ro,Z" "-v" "/var/lib/crater-agent-workspace/cargo-home:/opt/rustwide/cargo-home:ro,Z" "-v" "/var/lib/crater-agent-workspace/rustup-home:/opt/rustwide/rustup-home:ro,Z" "-e" "SOURCE_DIR=/opt/rustwide/workdir" "-e" "CARGO_TARGET_DIR=/opt/rustwide/target" "-e" "CARGO_HOME=/opt/rustwide/cargo-home" "-e" "RUSTUP_HOME=/opt/rustwide/rustup-home" "-w" "/opt/rustwide/workdir" "-m" "1610612736" "--user" "0:0" "--network" "none" "ghcr.io/rust-lang/crates-build-env/linux@sha256:20528e8c29e4536546f0102ce88568b16ea7538393a33fcca951030f7af10457" "/opt/rustwide/cargo-home/bin/cargo" "+ff34b919075f35a1787659e9c448a34b06bab8de" "metadata" "--no-deps" "--format-version=1", kill_on_drop: false }`
[INFO] [stdout] 49e79ca9bd80ec7e102f0ee11b667054cf79700e7a737e4e0e2fe8e02f56bbc4
[INFO] [stderr] WARNING: Your kernel does not support swap limit capabilities or the cgroup is not mounted. Memory limited without swap.
[INFO] running `Command { std: "docker" "start" "-a" "49e79ca9bd80ec7e102f0ee11b667054cf79700e7a737e4e0e2fe8e02f56bbc4", kill_on_drop: false }`
[INFO] running `Command { std: "docker" "inspect" "49e79ca9bd80ec7e102f0ee11b667054cf79700e7a737e4e0e2fe8e02f56bbc4", kill_on_drop: false }`
[INFO] running `Command { std: "docker" "rm" "-f" "49e79ca9bd80ec7e102f0ee11b667054cf79700e7a737e4e0e2fe8e02f56bbc4", kill_on_drop: false }`
[INFO] [stdout] 49e79ca9bd80ec7e102f0ee11b667054cf79700e7a737e4e0e2fe8e02f56bbc4
[INFO] running `Command { std: "docker" "create" "-v" "/var/lib/crater-agent-workspace/builds/worker-1/target:/opt/rustwide/target:rw,Z" "-v" "/var/lib/crater-agent-workspace/builds/worker-1/source:/opt/rustwide/workdir:ro,Z" "-v" "/var/lib/crater-agent-workspace/cargo-home:/opt/rustwide/cargo-home:ro,Z" "-v" "/var/lib/crater-agent-workspace/rustup-home:/opt/rustwide/rustup-home:ro,Z" "-e" "SOURCE_DIR=/opt/rustwide/workdir" "-e" "CARGO_TARGET_DIR=/opt/rustwide/target" "-e" "CARGO_INCREMENTAL=0" "-e" "RUST_BACKTRACE=full" "-e" "RUSTFLAGS=--cap-lints=forbid" "-e" "CARGO_HOME=/opt/rustwide/cargo-home" "-e" "RUSTUP_HOME=/opt/rustwide/rustup-home" "-w" "/opt/rustwide/workdir" "-m" "1610612736" "--user" "0:0" "--network" "none" "ghcr.io/rust-lang/crates-build-env/linux@sha256:20528e8c29e4536546f0102ce88568b16ea7538393a33fcca951030f7af10457" "/opt/rustwide/cargo-home/bin/cargo" "+ff34b919075f35a1787659e9c448a34b06bab8de" "build" "--frozen" "--message-format=json", kill_on_drop: false }`
[INFO] [stdout] 121d51ead59ef5db9962b89b2c3ac6708ed258c7d5af5968789847caeaa51ac1
[INFO] [stderr] WARNING: Your kernel does not support swap limit capabilities or the cgroup is not mounted. Memory limited without swap.
[INFO] running `Command { std: "docker" "start" "-a" "121d51ead59ef5db9962b89b2c3ac6708ed258c7d5af5968789847caeaa51ac1", kill_on_drop: false }`
[INFO] [stderr]    Compiling winapi v0.3.4
[INFO] [stderr]    Compiling blacken v0.0.1 (/opt/rustwide/workdir)
[INFO] [stdout] error[E0433]: failed to resolve: could not find `um` in `win32`
[INFO] [stdout]   --> src/main.rs:10:12
[INFO] [stdout]    |
[INFO] [stdout] 10 |     win32::um::winuser::PostMessageW,
[INFO] [stdout]    |            ^^ could not find `um` in `win32`
[INFO] [stdout] 
[INFO] [stdout] 
[INFO] [stdout] error[E0433]: failed to resolve: could not find `um` in `win32`
[INFO] [stdout]   --> src/main.rs:11:12
[INFO] [stdout]    |
[INFO] [stdout] 11 |     win32::um::winuser::HWND_BROADCAST,
[INFO] [stdout]    |            ^^ could not find `um` in `win32`
[INFO] [stdout] 
[INFO] [stdout] 
[INFO] [stdout] error[E0433]: failed to resolve: could not find `um` in `win32`
[INFO] [stdout]   --> src/main.rs:12:12
[INFO] [stdout]    |
[INFO] [stdout] 12 |     win32::um::winuser::WM_SYSCOMMAND,
[INFO] [stdout]    |            ^^ could not find `um` in `win32`
[INFO] [stdout] 
[INFO] [stdout] 
[INFO] [stdout] error[E0433]: failed to resolve: could not find `um` in `win32`
[INFO] [stdout]   --> src/main.rs:13:12
[INFO] [stdout]    |
[INFO] [stdout] 13 |     win32::um::winuser::SC_MONITORPOWER,
[INFO] [stdout]    |            ^^ could not find `um` in `win32`
[INFO] [stdout] 
[INFO] [stdout] 
[INFO] [stdout] error[E0425]: cannot find function, tuple struct or tuple variant `PostMessageW` in this scope
[INFO] [stdout]   --> src/main.rs:28:14
[INFO] [stdout]    |
[INFO] [stdout] 28 |     unsafe { PostMessageW(HWND_BROADCAST, WM_SYSCOMMAND, SC_MONITORPOWER, 2); }
[INFO] [stdout]    |              ^^^^^^^^^^^^ not found in this scope
[INFO] [stdout] 
[INFO] [stdout] 
[INFO] [stdout] error[E0425]: cannot find value `HWND_BROADCAST` in this scope
[INFO] [stdout]   --> src/main.rs:28:27
[INFO] [stdout]    |
[INFO] [stdout] 28 |     unsafe { PostMessageW(HWND_BROADCAST, WM_SYSCOMMAND, SC_MONITORPOWER, 2); }
[INFO] [stdout]    |                           ^^^^^^^^^^^^^^ not found in this scope
[INFO] [stdout] 
[INFO] [stdout] 
[INFO] [stdout] error[E0425]: cannot find value `WM_SYSCOMMAND` in this scope
[INFO] [stdout]   --> src/main.rs:28:43
[INFO] [stdout]    |
[INFO] [stdout] 28 |     unsafe { PostMessageW(HWND_BROADCAST, WM_SYSCOMMAND, SC_MONITORPOWER, 2); }
[INFO] [stdout]    |                                           ^^^^^^^^^^^^^ not found in this scope
[INFO] [stdout] 
[INFO] [stdout] 
[INFO] [stdout] error[E0425]: cannot find value `SC_MONITORPOWER` in this scope
[INFO] [stdout]   --> src/main.rs:28:58
[INFO] [stdout]    |
[INFO] [stdout] 28 |     unsafe { PostMessageW(HWND_BROADCAST, WM_SYSCOMMAND, SC_MONITORPOWER, 2); }
[INFO] [stdout]    |                                                          ^^^^^^^^^^^^^^^ not found in this scope
[INFO] [stdout] 
[INFO] [stdout] 
[INFO] [stdout] error: aborting due to 8 previous errors
[INFO] [stdout] 
[INFO] [stdout] 
[INFO] [stdout] Some errors have detailed explanations: E0425, E0433.
[INFO] [stdout] 
[INFO] [stdout] For more information about an error, try `rustc --explain E0425`.
[INFO] [stdout] 
[INFO] [stderr] error: could not compile `blacken`
[INFO] [stderr] 
[INFO] [stderr] To learn more, run the command again with --verbose.
[INFO] running `Command { std: "docker" "inspect" "121d51ead59ef5db9962b89b2c3ac6708ed258c7d5af5968789847caeaa51ac1", kill_on_drop: false }`
[INFO] running `Command { std: "docker" "rm" "-f" "121d51ead59ef5db9962b89b2c3ac6708ed258c7d5af5968789847caeaa51ac1", kill_on_drop: false }`
[INFO] [stdout] 121d51ead59ef5db9962b89b2c3ac6708ed258c7d5af5968789847caeaa51ac1
